{"id":8518,"date":"2021-08-23T01:02:54","date_gmt":"2021-08-23T00:02:54","guid":{"rendered":"https:\/\/badaladas.gal\/?page_id=8518"},"modified":"2025-10-19T23:30:01","modified_gmt":"2025-10-19T22:30:01","slug":"miradoiro-de-san-pedro","status":"publish","type":"page","link":"https:\/\/badaladas.gal\/index.php\/miradoiro-de-san-pedro\/","title":{"rendered":"MIRADOIRO DE SAN PEDRO"},"content":{"rendered":"\t\t<div data-elementor-type=\"wp-page\" data-elementor-id=\"8518\" class=\"elementor elementor-8518\" data-elementor-settings=\"[]\">\n\t\t\t\t\t\t<div class=\"elementor-inner\">\n\t\t\t\t\t\t\t<div class=\"elementor-section-wrap\">\n\t\t\t\t\t\t\t<section class=\"elementor-section elementor-top-section elementor-element elementor-element-2539c496 elementor-section-stretched elementor-section-boxed elementor-section-height-default elementor-section-height-default\" data-id=\"2539c496\" data-element_type=\"section\" data-settings=\"{&quot;stretch_section&quot;:&quot;section-stretched&quot;}\">\n\t\t\t\t\t\t<div class=\"elementor-container elementor-column-gap-default\">\n\t\t\t\t\t\t\t<div class=\"elementor-row\">\n\t\t\t\t\t<div class=\"elementor-column elementor-col-50 elementor-top-column elementor-element elementor-element-46f21485\" data-id=\"46f21485\" data-element_type=\"column\">\n\t\t\t<div class=\"elementor-column-wrap elementor-element-populated\">\n\t\t\t\t\t\t\t<div class=\"elementor-widget-wrap\">\n\t\t\t\t\t\t<div class=\"elementor-element elementor-element-7ee04711 elementor-widget elementor-widget-image\" data-id=\"7ee04711\" data-element_type=\"widget\" data-widget_type=\"image.default\">\n\t\t\t\t<div class=\"elementor-widget-container\">\n\t\t\t\t\t\t\t\t<div class=\"elementor-image\">\n\t\t\t\t\t\t\t\t\t\t\t\t<img loading=\"lazy\" decoding=\"async\" width=\"525\" height=\"350\" src=\"https:\/\/badaladas.gal\/wp-content\/uploads\/2021\/08\/P1050463-Liberty-Bell-1-1024x682.jpg\" class=\"attachment-large size-large\" alt=\"\" srcset=\"https:\/\/badaladas.gal\/wp-content\/uploads\/2021\/08\/P1050463-Liberty-Bell-1-1024x682.jpg 1024w, https:\/\/badaladas.gal\/wp-content\/uploads\/2021\/08\/P1050463-Liberty-Bell-1-300x200.jpg 300w, https:\/\/badaladas.gal\/wp-content\/uploads\/2021\/08\/P1050463-Liberty-Bell-1-768x512.jpg 768w, https:\/\/badaladas.gal\/wp-content\/uploads\/2021\/08\/P1050463-Liberty-Bell-1.jpg 1262w\" sizes=\"auto, 100vw\" \/>\t\t\t\t\t\t\t\t\t\t\t\t\t\t<\/div>\n\t\t\t\t\t\t<\/div>\n\t\t\t\t<\/div>\n\t\t\t\t\t\t<\/div>\n\t\t\t\t\t<\/div>\n\t\t<\/div>\n\t\t\t\t<div class=\"elementor-column elementor-col-50 elementor-top-column elementor-element elementor-element-62239267\" data-id=\"62239267\" data-element_type=\"column\">\n\t\t\t<div class=\"elementor-column-wrap elementor-element-populated\">\n\t\t\t\t\t\t\t<div class=\"elementor-widget-wrap\">\n\t\t\t\t\t\t<div class=\"elementor-element elementor-element-2d0612d elementor-widget elementor-widget-text-editor\" data-id=\"2d0612d\" data-element_type=\"widget\" data-widget_type=\"text-editor.default\">\n\t\t\t\t<div class=\"elementor-widget-container\">\n\t\t\t\t\t\t\t\t<div class=\"elementor-text-editor elementor-clearfix\">\n\t\t\t\t\t<p><strong><span style=\"color: #003366;\">O Miradoiro de San Pedro est\u00e1 ubicado na marxe esquerda do encoro de Belesar, no concello de Paradela. Seguindo o cami\u00f1o franc\u00e9s cruzaremos deseguido a ponte sobre o encoro para entrar en Portomar\u00edn. Pos\u00fae unha pequena camp\u00e1, a &#8220;Camp\u00e1 da Liberdade&#8221;, que gostan tanxer os peregrinos.<\/span><\/strong><\/p>\t\t\t\t\t<\/div>\n\t\t\t\t\t\t<\/div>\n\t\t\t\t<\/div>\n\t\t\t\t<div class=\"elementor-element elementor-element-21f7e16 elementor-widget elementor-widget-text-editor\" data-id=\"21f7e16\" data-element_type=\"widget\" data-widget_type=\"text-editor.default\">\n\t\t\t\t<div class=\"elementor-widget-container\">\n\t\t\t\t\t\t\t\t<div class=\"elementor-text-editor elementor-clearfix\">\n\t\t\t\t\t<p><span style=\"color: #993300;\"><strong>El Mirador de San Pedro est\u00e1 ubicado en el margen izquierdo del embalse de Belesar, en el ayuntamiento de Paradela. Siguiendo el camino franc\u00e9s cruzaremos inmediatamente el puente sobre el embalse para entrar en Portomar\u00edn. En \u00e9l se encuentra una peque\u00f1a campana, la &#8220;Campana de la Libertad&#8221;, que gustan ta\u00f1er los peregrinos.<\/strong><\/span><\/p>\t\t\t\t\t<\/div>\n\t\t\t\t\t\t<\/div>\n\t\t\t\t<\/div>\n\t\t\t\t<div class=\"elementor-element elementor-element-fed45f0 elementor-widget elementor-widget-text-editor\" data-id=\"fed45f0\" data-element_type=\"widget\" data-widget_type=\"text-editor.default\">\n\t\t\t\t<div class=\"elementor-widget-container\">\n\t\t\t\t\t\t\t\t<div class=\"elementor-text-editor elementor-clearfix\">\n\t\t\t\t\t<p><em><strong><span style=\"color: #000080;\">The viewpoint of San Pedro is located on the left bank of the Belesar reservoir, in the town hall of Paradela. Following the French road we will immediately cross the bridge over the reservoir to access Portomar\u00edn. In it is a small bell, the &#8220;Liberty Bell&#8221;, which pilgrims like to ring.<\/span><\/strong><\/em><\/p>\t\t\t\t\t<\/div>\n\t\t\t\t\t\t<\/div>\n\t\t\t\t<\/div>\n\t\t\t\t<div class=\"elementor-element elementor-element-68ae823e elementor-widget elementor-widget-wp-widget-media_audio\" data-id=\"68ae823e\" data-element_type=\"widget\" data-widget_type=\"wp-widget-media_audio.default\">\n\t\t\t\t<div class=\"elementor-widget-container\">\n\t\t\t<audio class=\"wp-audio-shortcode\" id=\"audio-8518-1\" preload=\"none\" style=\"width: 100%;\" controls=\"controls\"><source type=\"audio\/mpeg\" src=\"https:\/\/badaladas.gal\/wp-content\/uploads\/2021\/08\/Miradoiro-San-Pedro-Portomarin.mp3?_=1\" \/><source type=\"audio\/mpeg\" src=\"https:\/\/badaladas.gal\/wp-content\/uploads\/2021\/08\/Miradoiro-San-Pedro-Portomarin.mp3?_=1\" \/><a href=\"https:\/\/badaladas.gal\/wp-content\/uploads\/2021\/08\/Miradoiro-San-Pedro-Portomarin.mp3\">https:\/\/badaladas.gal\/wp-content\/uploads\/2021\/08\/Miradoiro-San-Pedro-Portomarin.mp3<\/a><\/audio>\t\t<\/div>\n\t\t\t\t<\/div>\n\t\t\t\t<div class=\"elementor-element elementor-element-592bc148 elementor-widget elementor-widget-yandex-maps\" data-id=\"592bc148\" data-element_type=\"widget\" data-widget_type=\"yandex-maps.default\">\n\t\t\t\t<div class=\"elementor-widget-container\">\n\t\t\t\t\t<script>\n\t\t\tvar mihdan_elementor_yandex_map_592bc148 = {\n\t\t\t\t\"id\" : \"592bc148\",\n\t\t\t\t\"language\" : \"en\",\n\t\t\t\t\"region\" : \"US\",\n\t\t\t\t\"lat\" : \"42.802094\",\n\t\t\t\t\"lng\" : \"-7.615541\",\n\t\t\t\t\"zoom\" : \"11\",\n\t\t\t\t\"type\" : \"map\",\n\t\t\t\t\"rulerControl\" : \"no\",\n\t\t\t\t\"searchControl\" : \"no\",\n\t\t\t\t\"trafficControl\" : \"no\",\n\t\t\t\t\"typeSelector\" : \"yes\",\n\t\t\t\t\"zoomControl\" : \"yes\",\n\t\t\t\t\"geolocationControl\" : \"no\",\n\t\t\t\t\"routeEditor\" : \"no\",\n\t\t\t\t\"fullscreenControl\" : \"no\",\n\t\t\t\t\"routeButtonControl\" : \"no\",\n\t\t\t\t\"routePanelControl\" : \"no\",\n\t\t\t\t\"disableScrollZoom\" : \"no\",\n\t\t\t\t\"disableDblClickZoom\" : \"no\",\n\t\t\t\t\"disableDrag\" : \"no\",\n\t\t\t\t\"disableLeftMouseButtonMagnifier\" : \"no\",\n\t\t\t\t\"disableRightMouseButtonMagnifier\" : \"no\",\n\t\t\t\t\"disableMultiTouch\" : \"no\",\n\t\t\t\t\"disableRouteEditor\" : \"no\",\n\t\t\t\t\"disableRuler\" : \"no\",\n\t\t\t\t\"enableObjectManager\" : \"no\",\n\t\t\t\t\"infoWindowMaxWidth\" : \"300\",\n\t\t\t\t\"locations\" : {\n    \"type\": \"FeatureCollection\",\n    \"clusterPreset\": \"islands#blueClusterIcons\",\n    \"features\": [\n        {\n            \"type\": \"Feature\",\n            \"id\": \"id_0\",\n            \"geometry\": {\n                \"type\": \"Point\",\n                \"coordinates\": [\n                    \"42.802094\",\n                    \"-7.615541\"\n                ]\n            },\n            \"properties\": {\n                \"iconCaption\": \"\",\n                \"iconContent\": \"\",\n                \"hintContent\": \"\",\n                \"balloonContentHeader\": \"Miradoiro de San Pedro\",\n                \"balloonContentFooter\": \"\",\n                \"balloonContentBody\": \"\"\n            },\n            \"options\": {\n                \"preset\": \"islands#pinkDotIcon\",\n                \"balloonIsOpened\": \"no\",\n                \"iconImage\": \"\",\n                \"iconImageWidth\": \"\",\n                \"iconImageHeight\": \"\"\n            }\n        }\n    ]\n}\t\t\t};\n\t\t<\/script>\n\t\t<div id=\"mihdan_elementor_yandex_map_592bc148\" class=\"mihdan-elementor-yandex-maps\" style=\"height: 300px;\"><\/div>\n\t\t\t\t<\/div>\n\t\t\t\t<\/div>\n\t\t\t\t\t\t<\/div>\n\t\t\t\t\t<\/div>\n\t\t<\/div>\n\t\t\t\t\t\t\t\t<\/div>\n\t\t\t\t\t<\/div>\n\t\t<\/section>\n\t\t\t\t<section class=\"elementor-section elementor-top-section elementor-element elementor-element-21408b8c elementor-section-stretched elementor-section-boxed elementor-section-height-default elementor-section-height-default\" data-id=\"21408b8c\" data-element_type=\"section\" data-settings=\"{&quot;stretch_section&quot;:&quot;section-stretched&quot;}\">\n\t\t\t\t\t\t<div class=\"elementor-container elementor-column-gap-default\">\n\t\t\t\t\t\t\t<div class=\"elementor-row\">\n\t\t\t\t\t<div class=\"elementor-column elementor-col-100 elementor-top-column elementor-element elementor-element-55565f10\" data-id=\"55565f10\" data-element_type=\"column\">\n\t\t\t<div class=\"elementor-column-wrap elementor-element-populated\">\n\t\t\t\t\t\t\t<div class=\"elementor-widget-wrap\">\n\t\t\t\t\t\t<div class=\"elementor-element elementor-element-5fd52c4b elementor-widget elementor-widget-heading\" data-id=\"5fd52c4b\" data-element_type=\"widget\" data-widget_type=\"heading.default\">\n\t\t\t\t<div class=\"elementor-widget-container\">\n\t\t\t<h2 class=\"elementor-heading-title elementor-size-default\">A CAMP\u00c1 DO MIRADOIRO DE SAN PEDRO<\/h2>\t\t<\/div>\n\t\t\t\t<\/div>\n\t\t\t\t<div class=\"elementor-element elementor-element-a1f20f2 elementor-widget elementor-widget-text-editor\" data-id=\"a1f20f2\" data-element_type=\"widget\" data-widget_type=\"text-editor.default\">\n\t\t\t\t<div class=\"elementor-widget-container\">\n\t\t\t\t\t\t\t\t<div class=\"elementor-text-editor elementor-clearfix\">\n\t\t\t\t\t<h4 style=\"text-align: center;\"><strong>LA CAMPANA DEL MIRADOR DE SAN PEDRO\u00a0 \u00a0 \u00a0<em> THE BELL OF THE VIEWPOINT OF SAN PEDRO<\/em><\/strong><\/h4>\t\t\t\t\t<\/div>\n\t\t\t\t\t\t<\/div>\n\t\t\t\t<\/div>\n\t\t\t\t\t\t<\/div>\n\t\t\t\t\t<\/div>\n\t\t<\/div>\n\t\t\t\t\t\t\t\t<\/div>\n\t\t\t\t\t<\/div>\n\t\t<\/section>\n\t\t\t\t<section class=\"elementor-section elementor-top-section elementor-element elementor-element-5f8c7209 elementor-section-stretched elementor-section-full_width elementor-section-height-default elementor-section-height-default\" data-id=\"5f8c7209\" data-element_type=\"section\" data-settings=\"{&quot;stretch_section&quot;:&quot;section-stretched&quot;,&quot;background_background&quot;:&quot;classic&quot;}\">\n\t\t\t\t\t\t<div class=\"elementor-container elementor-column-gap-default\">\n\t\t\t\t\t\t\t<div class=\"elementor-row\">\n\t\t\t\t\t<div class=\"elementor-column elementor-col-100 elementor-top-column elementor-element elementor-element-2c661fde\" data-id=\"2c661fde\" data-element_type=\"column\">\n\t\t\t<div class=\"elementor-column-wrap elementor-element-populated\">\n\t\t\t\t\t\t\t<div class=\"elementor-widget-wrap\">\n\t\t\t\t\t\t<div class=\"elementor-element elementor-element-4e7eb759 elementor-widget elementor-widget-image\" data-id=\"4e7eb759\" data-element_type=\"widget\" data-widget_type=\"image.default\">\n\t\t\t\t<div class=\"elementor-widget-container\">\n\t\t\t\t\t\t\t\t<div class=\"elementor-image\">\n\t\t\t\t\t\t\t\t\t\t\t\t\t<a href=\"https:\/\/badaladas.gal\/wp-content\/uploads\/2021\/08\/P1050463-Liberty-Bell-2.jpg\" data-elementor-open-lightbox=\"yes\" data-elementor-lightbox-title=\"P1050463 Liberty Bell 2\">\n\t\t\t\t\t\t\t<img loading=\"lazy\" decoding=\"async\" width=\"1224\" height=\"918\" src=\"https:\/\/badaladas.gal\/wp-content\/uploads\/2021\/08\/P1050463-Liberty-Bell-2.jpg\" class=\"attachment-full size-full\" alt=\"\" srcset=\"https:\/\/badaladas.gal\/wp-content\/uploads\/2021\/08\/P1050463-Liberty-Bell-2.jpg 1224w, https:\/\/badaladas.gal\/wp-content\/uploads\/2021\/08\/P1050463-Liberty-Bell-2-300x225.jpg 300w, https:\/\/badaladas.gal\/wp-content\/uploads\/2021\/08\/P1050463-Liberty-Bell-2-1024x768.jpg 1024w, https:\/\/badaladas.gal\/wp-content\/uploads\/2021\/08\/P1050463-Liberty-Bell-2-768x576.jpg 768w\" sizes=\"auto, 100vw\" \/>\t\t\t\t\t\t\t\t<\/a>\n\t\t\t\t\t\t\t\t\t\t\t\t\t\t<\/div>\n\t\t\t\t\t\t<\/div>\n\t\t\t\t<\/div>\n\t\t\t\t<div class=\"elementor-element elementor-element-280203fe gallery-spacing-custom elementor-widget elementor-widget-image-gallery\" data-id=\"280203fe\" data-element_type=\"widget\" data-widget_type=\"image-gallery.default\">\n\t\t\t\t<div class=\"elementor-widget-container\">\n\t\t\t\t\t<div class=\"elementor-image-gallery\">\n\t\t\t<div id='gallery-1' class='gallery galleryid-8518 gallery-columns-2 gallery-size-full'><figure class='gallery-item'>\n\t\t\t<div class='gallery-icon landscape'>\n\t\t\t\t<a data-elementor-open-lightbox=\"yes\" data-elementor-lightbox-slideshow=\"280203fe\" data-elementor-lightbox-title=\"P1050463 Liberty Bell 5\" href='https:\/\/badaladas.gal\/wp-content\/uploads\/2021\/08\/P1050463-Liberty-Bell-5.jpg'><img loading=\"lazy\" decoding=\"async\" width=\"1256\" height=\"942\" src=\"https:\/\/badaladas.gal\/wp-content\/uploads\/2021\/08\/P1050463-Liberty-Bell-5.jpg\" class=\"attachment-full size-full\" alt=\"\" aria-describedby=\"gallery-1-8530\" srcset=\"https:\/\/badaladas.gal\/wp-content\/uploads\/2021\/08\/P1050463-Liberty-Bell-5.jpg 1256w, https:\/\/badaladas.gal\/wp-content\/uploads\/2021\/08\/P1050463-Liberty-Bell-5-300x225.jpg 300w, https:\/\/badaladas.gal\/wp-content\/uploads\/2021\/08\/P1050463-Liberty-Bell-5-1024x768.jpg 1024w, https:\/\/badaladas.gal\/wp-content\/uploads\/2021\/08\/P1050463-Liberty-Bell-5-768x576.jpg 768w\" sizes=\"auto, 100vw\" \/><\/a>\n\t\t\t<\/div>\n\t\t\t\t<figcaption class='wp-caption-text gallery-caption' id='gallery-1-8530'>\n\t\t\t\tNo r\u00edo, un caneiro para a pesca da angu\u00eda\/En el r\u00edo, un &#8220;caneiro&#8221; para la pesca de la anguila\/In the river a &#8220;caneiro&#8221; for eel fishing\n\t\t\t\t<\/figcaption><\/figure><figure class='gallery-item'>\n\t\t\t<div class='gallery-icon landscape'>\n\t\t\t\t<a data-elementor-open-lightbox=\"yes\" data-elementor-lightbox-slideshow=\"280203fe\" data-elementor-lightbox-title=\"P1050463 Liberty Bell 4\" href='https:\/\/badaladas.gal\/wp-content\/uploads\/2021\/08\/P1050463-Liberty-Bell-4.jpg'><img loading=\"lazy\" decoding=\"async\" width=\"1341\" height=\"1006\" src=\"https:\/\/badaladas.gal\/wp-content\/uploads\/2021\/08\/P1050463-Liberty-Bell-4.jpg\" class=\"attachment-full size-full\" alt=\"\" srcset=\"https:\/\/badaladas.gal\/wp-content\/uploads\/2021\/08\/P1050463-Liberty-Bell-4.jpg 1341w, https:\/\/badaladas.gal\/wp-content\/uploads\/2021\/08\/P1050463-Liberty-Bell-4-300x225.jpg 300w, https:\/\/badaladas.gal\/wp-content\/uploads\/2021\/08\/P1050463-Liberty-Bell-4-1024x768.jpg 1024w, https:\/\/badaladas.gal\/wp-content\/uploads\/2021\/08\/P1050463-Liberty-Bell-4-768x576.jpg 768w\" sizes=\"auto, 100vw\" \/><\/a>\n\t\t\t<\/div><\/figure>\n\t\t<\/div>\n\t\t<\/div>\n\t\t\t\t<\/div>\n\t\t\t\t<\/div>\n\t\t\t\t<div class=\"elementor-element elementor-element-93f12e5 elementor-invisible elementor-widget elementor-widget-wp-widget-text\" data-id=\"93f12e5\" data-element_type=\"widget\" data-settings=\"{&quot;_animation&quot;:&quot;fadeIn&quot;}\" data-widget_type=\"wp-widget-text.default\">\n\t\t\t\t<div class=\"elementor-widget-container\">\n\t\t\t\t\t\t<div class=\"textwidget\"><p>Fabricante\/Manufacturer: <strong><br \/>\n<\/strong><\/p>\n<p>Ano de fabricaci\u00f3n\/Manufacturing year: <strong><br \/>\n<\/strong><\/p>\n<p>Altura\/Heigth:\u00a0\u00a0<strong> 19 cm<br \/>\n<\/strong><\/p>\n<p>Di\u00e1metro\/Diameter: <strong>\u00a0 17 cm<\/strong><\/p>\n<p>Nota musical\/Musical note:<strong> \u00a0 La\/A<br \/>\n<\/strong><\/p>\n<p>Estado\/Condition:<strong> \u00a0 en uso\/in use<br \/>\n<\/strong><\/p>\n<p>Inscrici\u00f3ns:<strong>\u00a0 <\/strong><strong><br \/>\n<\/strong><\/p>\n<p>Inscriptions:<\/p>\n<\/div>\n\t\t\t\t<\/div>\n\t\t\t\t<\/div>\n\t\t\t\t\t\t<\/div>\n\t\t\t\t\t<\/div>\n\t\t<\/div>\n\t\t\t\t\t\t\t\t<\/div>\n\t\t\t\t\t<\/div>\n\t\t<\/section>\n\t\t\t\t\t\t<\/div>\n\t\t\t\t\t\t<\/div>\n\t\t\t\t\t<\/div>\n\t\t","protected":false},"excerpt":{"rendered":"<p>O Miradoiro de San Pedro est\u00e1 ubicado na marxe esquerda do encoro de Belesar, no concello de Paradela. Seguindo o cami\u00f1o franc\u00e9s cruzaremos deseguido a ponte sobre o encoro para entrar en Portomar\u00edn. Pos\u00fae unha pequena camp\u00e1, a &#8220;Camp\u00e1 da Liberdade&#8221;, que gostan tanxer os peregrinos. El Mirador de San Pedro est\u00e1 ubicado en el &hellip; <\/p>\n<p class=\"link-more\"><a href=\"https:\/\/badaladas.gal\/index.php\/miradoiro-de-san-pedro\/\" class=\"more-link\">Continuar leyendo<span class=\"screen-reader-text\"> &#8220;MIRADOIRO DE SAN PEDRO&#8221;<\/span><\/a><\/p>\n","protected":false},"author":2,"featured_media":0,"parent":0,"menu_order":0,"comment_status":"closed","ping_status":"closed","template":"","meta":{"footnotes":""},"class_list":["post-8518","page","type-page","status-publish","hentry"],"_links":{"self":[{"href":"https:\/\/badaladas.gal\/index.php\/wp-json\/wp\/v2\/pages\/8518","targetHints":{"allow":["GET"]}}],"collection":[{"href":"https:\/\/badaladas.gal\/index.php\/wp-json\/wp\/v2\/pages"}],"about":[{"href":"https:\/\/badaladas.gal\/index.php\/wp-json\/wp\/v2\/types\/page"}],"author":[{"embeddable":true,"href":"https:\/\/badaladas.gal\/index.php\/wp-json\/wp\/v2\/users\/2"}],"replies":[{"embeddable":true,"href":"https:\/\/badaladas.gal\/index.php\/wp-json\/wp\/v2\/comments?post=8518"}],"version-history":[{"count":24,"href":"https:\/\/badaladas.gal\/index.php\/wp-json\/wp\/v2\/pages\/8518\/revisions"}],"predecessor-version":[{"id":9030,"href":"https:\/\/badaladas.gal\/index.php\/wp-json\/wp\/v2\/pages\/8518\/revisions\/9030"}],"wp:attachment":[{"href":"https:\/\/badaladas.gal\/index.php\/wp-json\/wp\/v2\/media?parent=8518"}],"curies":[{"name":"wp","href":"https:\/\/api.w.org\/{rel}","templated":true}]}}